-4*u = -m - m + p. What are the prime factors of m?
2, 5
Suppose -2*l + 0*v = 2*v - 770, v = 5. What are the prime factors of l?
2, 5, 19
Suppose -3*x + 1 = -4*d - 0*x, -2*d + 3*x = 5. Suppose -5*s - 10 = 0, 0*s - 296 = -3*c - d*s. List the prime factors of c.
2, 5
Suppose 9*t - 4404 - 4443 = 0. List the prime factors of t.
983
Suppose 0 = -5*f + 67 + 193. Suppose -2*r + f - 10 = 0. List the prime factors of r.
3, 7
Suppose -n + b - 4*b = -7, 5*n + 2*b = 22. List the prime factors of 61 + -2 + n - 6/2.
2, 3, 5
Let y be (6 + 24/(-4))/(-1 - 1). Suppose -v + 227 = 3*l - 80, y = -5*v - 3*l + 1487. List the prime factors of v.
5, 59
List the prime factors of (-42)/(-56) - 26618/(-8) - -5.
3, 11, 101
Let p be (-3)/18 + 434/12. Let u = p - 13. What are the prime factors of u?
23
Suppose 0 = -3*x - 16 - 20. Let s = x - -1. Let j(k) = -k + 1. List the prime factors of j(s).
2, 3
Let x(c) = -c**3 + 6*c**2 + 2*c - 7. Let f be x(6). Suppose 12 = f*s - 3*s - 4*v, 4 = -v. List the prime factors of s/(-3)*(-984)/(-16).
41
Let b be (-3)/(-9)*-4*126. Let u = 239 + b. What are the prime factors of u?
71
Let s = 2 - -224. What are the prime factors of s?
2, 113
Let r = 53 - 137. Let y = -53 - r. List the prime factors of y.
31
Let g be -2 - ((-632)/7 - 2/(-7)). Let v = g + -59. List the prime factors of v.
29
Let i(g) = g - 8. Let m be i(10). Suppose -m*d + d + 127 = 0. List the prime factors of d.
127
Let m = -392 - -158. Let b = -152 - m. What are the prime factors of b?
2, 41
Let f(i) = -5*i**3 + 11*i**2 - 2*i - 9. Let r(o) = -o**3 + o**2. Let q(d) = -f(d) + 3*r(d). List the prime factors of q(6).
3, 5, 11
Let j = -78 - -84. Let i(b) = 14*b + 9. What are the prime factors of i(j)?
3, 31
Let v(r) be the third derivative of -7*r**6/120 + r**5/30 + 5*r**4/24 + 5*r**3/6 - 19*r**2. List the prime factors of v(-2).
59
Let r = 23 + -16. Let z = 3 - -1. List the prime factors of (z - r) + (19 - 1).
3, 5
List the prime factors of 1640 + (-2 - (2 - 6)).
2, 821
Let x = -7 + 12. Let n = x - 20. Let p = n - -43. List the prime factors of p.
2, 7
Let o(j) = -7*j + 8. Let c(t) = t. Let r(d) = 6*c(d) + o(d). List the prime factors of r(6).
2
Let o = 2212 + -1663. What are the prime factors of o?
3, 61
Let h(p) be the first derivative of p**3/3 + 5*p**2 + 11*p + 1. Suppose -5*s + 2*k - 44 = 0, -39 + 4 = 5*s - 5*k. List the prime factors of h(s).
11
Suppose -f = -2*f + 5. Suppose -5*o = 3*v - f - 13, -2*v + 5 = o. List the prime factors of ((-268)/12)/(v/(-3)).
67
Suppose 0 = 3*x - 7*x - 3*h + 10, -4*h = -2*x - 6. Let v be -1 - 4/(-4)*x. Suppose -2*n - 5*b = -26, -5*n - b = -v*n - 65. List the prime factors of n.
13
Let h(r) = -r**3 - 5*r**2 + 7*r + 9. Let i be h(-6). Suppose -4 = l - i. Let v = 18 + l. What are the prime factors of v?
17
Let z(i) = -18*i**3 + i**2 + 10*i + 20. List the prime factors of z(-5).
5, 449
Suppose 11*s = 8*s - 2*o + 427, 5*s - 2*o = 733. List the prime factors of s.
5, 29
Let f(q) = -61*q**3 + q**2. Let i be f(-1). Suppose -4*u - 3*k = 138, 0*u + 2*u = -5*k - i. Let h = u + 50. What are the prime factors of h?
2, 7
List the prime factors of (-21)/((-84)/16) + 5280/2.
2, 661
Suppose -57 = 3*u + 2*u - 3*i, 2*u + 20 = 4*i. List the prime factors of 20/u + (-353)/(-3).
2, 29
Suppose 5*x - 116 = w, 0*x = -x + 5*w + 4. Let d be (x/14)/((-5)/(-35)). What are the prime factors of 6/d + 37/2?
19
Suppose 1 = o - 4. Suppose -2*h + o*h = 78. What are the prime factors of h?
2, 13
Suppose -33740 = -57*b + 22*b. What are the prime factors of b?
2, 241
Let b(o) = -o**3 + 5*o**2 + 5*o - 8. Let q be b(6). Suppose 8 = s + 36. Let m = q - s. What are the prime factors of m?
2, 7
Let o(c) = 6 - 9 - 3*c + 2 + 6. Suppose -3*q - 30 = 4*g, 0 = 2*q - 0*q + 3*g + 21. What are the prime factors of o(q)?
23
Let g be ((-2)/(-4))/((-2)/168). List the prime factors of (-60)/(-35)*g/(-4).
2, 3
Let l(y) = 355*y**2 - 16*y + 1. List the prime factors of l(-4).
3, 5, 383
Suppose 12*d - 13*d + p = -2911, d - 2896 = 4*p. What are the prime factors of d?
2, 3
Let l = 11 - 18. Suppose 5*m + 0*x - 79 = 2*x, x = -3*m + 54. Let z = l + m. List the prime factors of z.
2, 5
Let h(m) = -m**3 + 11*m**2 - 8*m - 5. Let x be h(10). Let g(c) = 5*c**2 - 2*c + 9. Let a be g(-5). Suppose 0 = -3*t + a - x. What are the prime factors of t?
43
Let d(t) = -7*t - 4. Let c = 6 + 2. Let g = c + -13. What are the prime factors of d(g)?
31
What are the prime factors of 30/6 - -316 - -4?
5, 13
Let y be (3/2)/(12/832). Suppose -4*i - 4*z + 164 = -i, 2*i = -4*z + y. Let s = i + -32. What are the prime factors of s?
2, 7
Let n be 16/(-10) + (-12)/(-20). Let h(o) be the second derivative of -o**5 + o**3/3 + o**2/2 - 4*o. What are the prime factors of h(n)?
19
Let j(n) = -n**3 + 11*n**2 + 3. Suppose 4*l + c - 48 = 0, 5*l + c = -2*c + 67. Let s be j(l). Suppose -s*o = -0*o - 27. What are the prime factors of o?
3
Let z = -44 - -60. List the prime factors of z.
2
Let h(c) = -2*c + 1. Let g be h(-2). Suppose -2*x = w - 1, 2*w = x + g - 18. Let u = w + 16. What are the prime factors of u?
11
Suppose -982 = 5*w - 4322. What are the prime factors of w?
2, 167
Let o be (-3 - -15)/3 + 354. Suppose -1 = -y - 0, -5*j - 3*y = -o. What are the prime factors of j?
71
Let w(u) = -7*u**3 + 3*u**2 + 28*u - 11. List the prime factors of w(-7).
2341
Let w = 0 - -1. Suppose 19 = -5*y - w. Let p = y + 6. List the prime factors of p.
2
Let w be (8/(-32))/((-2)/(-8)). Let d(u) = -u + 8. Let r be d(4). Let x = w + r. What are the prime factors of x?
3
What are the prime factors of 1*38*1577/166?
19
Let u(i) = 21*i**2 + 59*i - 269. What are the prime factors of u(11)?
23, 127
Suppose 5*q - 265 = 140. Suppose -2*d + d + q = 0. Suppose -13*t + d = -10*t. List the prime factors of t.
3
Let o be (3 - -7)*(3 - 0). Let t be o/4*(-4)/(-6). Let l(p) = 8*p - 9. List the prime factors of l(t).
31
Let l(c) = 12*c - 33. List the prime factors of l(7).
3, 17
Let o(g) = 3*g**2 + 8*g + 4. Let n be o(-7). Let s = 164 - n. What are the prime factors of s?
3, 23
Let f be (-3258 + 5)*(4 + -3). What are the prime factors of f/(-15) - (-10)/75?
7, 31
Suppose -147 = -3*c - 3*a, 0*a + a = 2*c - 83. Suppose 3*y + 1 + 53 = 0. Let x = c + y. What are the prime factors of x?
2, 13
Let p(x) = 23*x**2 - 2*x + 6. What are the prime factors of p(2)?
2, 47
Suppose 4*g = 3 + 5. Suppose -10*o + g = -8*o. List the prime factors of (2 - 1)/(o/43).
43
Let l(b) = 24*b**3 + b + 10. List the prime factors of l(3).
661
List the prime factors of (-12)/(-16) + 0 - 87947/(-124).
2, 5, 71
Suppose 0 = 30*o - 37*o + 25914. List the prime factors of o.
2, 3, 617
Suppose -4*d + 0*d = 572. What are the prime factors of 2 - -2 - d - (-1 - -3)?
5, 29
Let u = -1790 - -2870. What are the prime factors of u?
2, 3, 5
Let y(g) = -g**2 + 3*g + 26. Suppose -11*q = -0*q - 55. What are the prime factors of y(q)?
2
Let o(q) = 4*q**2 + 3*q + 2. Suppose 0 = 6*l + 9 - 3. Let v be o(l). Suppose v*t - 120 = -6. List the prime factors of t.
2, 19
Suppose -2*w + 3*x = -3*w + 84, 0 = -2*w - 5*x + 171. Let y = w - 27. What are the prime factors of y?
2, 3, 11
Let o(u) = -18*u - 3. Suppose -2*n - 3*d + 24 = -4*n, 48 = -4*n - d. Let g be (6/n)/((-3)/(-24)). What are the prime factors of o(g)?
3, 23
List the prime factors of ((-1729)/28 + -6)*-4.
271
Suppose -2*q = 7 + 5. Let l be ((-3)/(q/(-16)))/(-2). Suppose -5*x + 3*p + 397 = 0, 2*p - 86 = -x - l. List the prime factors of x.
2, 5
Let s(u) = 16*u**2 + 4*u - 1. Let w be s(-3). Suppose -2*t - 222 = -4*d, -2*d = -4*d + 5*t + w. What are the prime factors of d?
53
Let s be 710/2*2*(-1)/5. List the prime factors of 11/((-11)/s) - (0 + 3).
139
Suppose -2*d + 15 = 2*d + j, -5 = -4*d - 3*j. Suppose 6*t - 4*t + 102 = d*o, 4*o - 3*t - 83 = 0. What are the prime factors of o?
2, 5
Suppose 0 = 2*h + g - 1471, g = 6*h - h - 3695. List the prime factors of h.
2, 3, 41
What are the prime factors of 21*7 + (-245)/35?
2, 5, 7
Let r = 93 - 89. Suppose -r*v = -3*b - 25, 0 = -5*b + 2 + 3. List the prime factors of v.
7
Let g = -413 - -503. List the prime factors of g.
2, 3, 5
Let c = 3 + -3. Suppose 16 = -4*i - c. List the prime factors of (i/14)/(3/(-42)).
2
Let u = 46 + -49. List the prime factors of 3 + -8 - (u - 58).
2, 7
Suppose 3*m + 2*m + 20 = 0, 2882 = 2*h + 2*m. Li